-a*o - 4*f + f = -73, 2*o + 3*f = 29. Suppose -o = -0*u - u. What is the highest common divisor of u and 22?
22
Let a be (-22)/(-6) - 6/(-18). Suppose -b - 70 = -2*x + b, -a*b + 132 = 4*x. Calculate the highest common divisor of 17 and x.
17
Let m be (190/(-20))/(-19)*20. Calculate the greatest common factor of m and 215.
5
Suppose -14*r + 9 = -957. Let u = 117 - r. Let d(k) = -16*k. Let n be d(-1). Calculate the greatest common divisor of n and u.
16
Suppose 152 = -a + 5*a. Let h(j) = 2*j**2 - 22*j - 157. Let l be h(-7). Calculate the highest common divisor of a and l.
19
Let m = 87 + -84. Suppose 0 = -2*v + 3*y + 49, 0 = -m*v - 7*y + 2*y + 45. What is the highest common divisor of 8 and v?
4
Let i(x) = x**3 + 3*x**2 - 27*x + 11. Let q be i(-6). Let w(a) = a**2 - a + 13. Let c be w(0). What is the highest common factor of c and q?
13
Let i = -668 + 803. What is the highest common factor of i and 10?
5
Let c = 110 + -72. Let b be 38/(-2)*(-3 + 2). Calculate the greatest common factor of b and c.
19
Let t be 1/((-1)/14)*-2. Let v be (8 - 0) + (16 - 14) + -3. Calculate the highest common divisor of t and v.
7
Let i(j) be the third derivative of j**4/24 + 10*j**3/3 + 10*j**2. Let a be i(-10). What is the greatest common divisor of 20 and a?
10
Let h = -190 - -220. What is the greatest common divisor of 198 and h?
6
Let p = -30 + 86. Suppose -134 - 10 = -18*m. What is the greatest common factor of m and p?
8
Let w(q) = -q**2 + 9*q - 7. Let t be w(6). Let j(g) = -g**3 + g**2 + g + 37. Let z be j(0). Let b = z - 36. What is the highest common factor of b and t?
1
Let m be 42 + (-3 + 1)*-1. Let a = -1024 + 1134. Calculate the highest common divisor of a and m.
22
Let z be 4 + 783 + 8 + 3. What is the greatest common divisor of z and 42?
42
Suppose -18*l = -19*l + 13. What is the greatest common divisor of l and 403?
13
Let d be 0 - (-14)/2 - -4. Let u = -7 + d. Suppose -3*x + u*l + 358 = -84, -4*x + l + 611 = 0. Calculate the highest common divisor of x and 22.
22
Let d(m) = 3*m - m + 4 - 7*m**2 - 1 + 6*m**2. Let v be d(0). Suppose -3*l = -0*l - 18. Calculate the highest common divisor of v and l.
3
Let v be 1*2/(-6)*0. Suppose v*y = -y + 56. Calculate the highest common divisor of y and 8.
8
Suppose -112 - 48 = -10*b. Let h be (-2)/(101/(-50) - -2). Suppose 4*k - h = -i, -i - 3*i = 4*k - 436. Calculate the highest common factor of i and b.
16
Let f be -1*(-3 + (-1 - -2)). Let t(v) = 3*v**2 - 2*v**2 + 0*v**2 - 16 + 8*v + 11. Let y be t(-9). What is the greatest common factor of f and y?
2
Let r = -12480 + 12774. Suppose 0 = k + 4*k - 245. Calculate the highest common factor of k and r.
49
Let y(r) = 16*r**3 + r**2 + 2*r - 3. Let u be y(3). Let q be (-2)/5 + u/60. Calculate the greatest common factor of 49 and q.
7
Suppose 0 = 3*h - 6, h - 778 = 5*p + 2*h. Let b be p/(-9) - (-2)/3. Let q be b/(-6) + 67*1. What is the greatest common divisor of q and 8?
8
Let y = 1581 + -1554. Suppose 93 - 471 = -2*d. Calculate the greatest common divisor of d and y.
27
Let h(q) = -q - 2. Suppose 8*v - 1 = -17. Let b be h(v). Let w be (-3)/3 - (b + -26). Calculate the highest common divisor of w and 200.
25
Let d(x) = -x**3 - 4*x**2. Let b be d(-4). Let q(m) = m - m**2 + m**3 - 2*m + b*m**2 + 4 + 6. Let u be q(0). Calculate the greatest common divisor of u and 15.
5
Let n = 30 + -13. Suppose s + 10 = -k, -4*k - k - 50 = -3*s. Let p = n + k. What is the highest common divisor of p and 63?
7
Suppose -22 = -5*p - 7. Suppose 5*g = -5*n + 40, -5*g - n = -p*n - 47. What is the greatest common factor of g and 45?
9
Suppose 0 = 5*w - n - 35 - 7, n - 14 = -2*w. Let j(v) = -12*v. Let b be j(-2). What is the highest common factor of w and b?
8
Suppose -22*m = 43 - 967. Calculate the highest common divisor of m and 21.
21
Suppose -2*t - 3*g + 43 = 5, 4*t + 2*g - 76 = 0. Suppose -m = 2*m - 456. What is the highest common factor of m and t?
19
Let i = 228 - -35. Let w = i - 175. Calculate the highest common factor of 11 and w.
11
Suppose 4*t - 5*r = 195, 5*t + 225 = 9*t + r. Calculate the highest common factor of 20 and t.
5
Let i = -171 + 64. Let k = -81 - i. What is the highest common divisor of 65 and k?
13
Let c = -13 - -24. Suppose -r = 82 + 57. Let g = r + 216. What is the greatest common factor of c and g?
11
Let h = 232 + -210. Calculate the highest common factor of 242 and h.
22
Let d(o) = 4*o - 12. Let g be d(4). Let p be 5*g + 10 + -9. Suppose 4*s - 339 = 3*x, -26 = s - 5*x - 115. Calculate the greatest common divisor of p and s.
21
Let f(t) = -19*t + 8. Let i be f(-6). Let g be ((-8)/6)/((4/1830)/(27/(-90))). Calculate the greatest common divisor of i and g.
61
Let x = -31 + 79. Let t(q) = 2*q**2 - 14*q. Let d be t(9). Calculate the greatest common divisor of x and d.
12
Suppose 34 - 5 = -4*l + d, -3*d + 33 = -3*l. Let t(b) = 3*b**2 - 3*b - 19 + 6*b + b + 0*b. Let c be t(l). Calculate the greatest common factor of 13 and c.
13
Let i = -1662 - -1762. What is the highest common divisor of i and 4?
4
Suppose 232 = 8*q - 408. Let c = -1 - -1. Suppose f + 0*f - 16 = c. Calculate the greatest common divisor of q and f.
16
Suppose -38*z - 1032 = -46*z. What is the highest common factor of 43 and z?
43
Suppose 0 = 850*n - 854*n + 168. What is the greatest common divisor of n and 70?
14
Let v(p) = -2*p**2 - 34*p + 56. Let c be v(-18). Calculate the greatest common factor of 90 and c.
10
Let z be (28/3)/(116/261). Calculate the highest common divisor of z and 112.
7
Suppose -372 + 196 = -2*w. Let j = w + -52. Suppose 0*y + 2*y + 4*x - 22 = 0, -4*y = x - 37. What is the highest common factor of y and j?
9
Let d(s) = s**2 - 23*s + 19. Let i be d(13). Let n = i - -191. Let m be ((-27)/6)/((-4)/n). What is the highest common factor of m and 18?
18
Let m be 1/5 + 5988/(-15). Let t be (-2)/(-6) + m/9. Let x = -36 - t. Calculate the highest common factor of x and 8.
8
Let a = 1179 + -1144. Let i = 24 + -17. Calculate the greatest common divisor of i and a.
7
Suppose 2*p = -5*q - 1, 0 = 2*q - 0*p + 3*p + 7. Let i be -5 + q + 30 + -5. Calculate the greatest common factor of i and 56.
7
Suppose 17430 = 38*l - 8*l. Calculate the highest common factor of l and 7.
7
Suppose 4*l + 5*n - 399 = 0, 2*n - 3*n - 285 = -3*l. Calculate the greatest common factor of 4 and l.
4
Let n be (-2265)/6 + 33/22. Let y be n/(-10) - (-6)/15. Let t = -25 - -44. What is the highest common factor of t and y?
19
Let j(m) = -344*m - 670. Let w be j(-5). Calculate the greatest common divisor of w and 35.
35
Suppose -6*o + 10*o - 16 = 0. Suppose -o*s = -8*s + 36. Calculate the greatest common factor of s and 63.
9
Let i(q) = -q**2 - 19*q - 7. Suppose 0 = 2*l + 4*k + 44, 3*l + 4*k + 62 = -0*l. Let b be i(l). Calculate the highest common divisor of 1 and b.
1
Suppose 2*p - 629 = -5*y, -4*y - 3*p + 118 = -3*y. Let r = -81 + y. What is the greatest common factor of 115 and r?
23
Suppose -19 = 4*n - 127. Let q = 2 - -13. Suppose 3*y + q = 0, 0 = 4*k - 2*k - 2*y - 280. What is the greatest common factor of n and k?
27
Suppose 0 = r - 0*r - 70. Let o be ((-11)/44)/(-2*2/160). Calculate the highest common divisor of r and o.
10
Let p(r) = r**2 + 3*r - 2. Let i be p(2). Suppose 5*x - 92 = -3*f, 0 - 40 = -2*x - 2*f. Calculate the highest common factor of x and i.
8
Let y = 57 - 54. Suppose -u + 30 = 2*v, 0 = -3*u - 9 + y. What is the greatest common factor of v and 40?
8
Let k be 16/(-36)*6*(-36)/(-2). Let r be (k + 0)/((6 - 9)/18). What is the greatest common factor of r and 32?
32
Let m(t) = -3*t + 28. Let q be m(0). Let x(j) = 12*j**2 + j - 4. Let g be x(-2). What is the highest common divisor of g and q?
14
Let h(u) be the first derivative of -u**2/2 + 22*u + 1. Let a be h(11). Calculate the highest common factor of 11 and a.
11
Let d = 55 + -52. Suppose 5*a - 4*c - 76 + 1 = 0, -d*c - 45 = -3*a. What is the greatest common divisor of 3 and a?
3
Let n = 167 + -119. What is the highest common divisor of n and 432?
48
Suppose 765 = 10*d - d. What is the highest common factor of d and 34?
17
Let g be (240/(-50))/((-2)/(-10)). Let n = 44 + g. Let k = -93 + 173. Calculate the greatest common factor of n and k.
20
Suppose 0 = -10*y + 109 + 251. Suppose -y = -5*i + 2*i. Let v = 400 + -268. Calculate the highest common divisor o